{"id":596,"date":"2019-08-04T22:22:51","date_gmt":"2019-08-04T20:22:51","guid":{"rendered":"http:\/\/web586.venus.ibone.ch\/lorrainebad_v1\/?page_id=596"},"modified":"2025-09-02T21:18:41","modified_gmt":"2025-09-02T19:18:41","slug":"restaurant-lorrainebad","status":"publish","type":"page","link":"http:\/\/www.lorrainebad.ch\/?page_id=596","title":{"rendered":"Buvette"},"content":{"rendered":"<h2>Die Lorrainebad Buvette ist t\u00e4glich ge\u00f6ffnet!<\/h2>\n<p>Das Buvette-Team hat fl\u00fcssige, kalte, warme und gefrorene Produkte im Sortiment.<\/p>\n<hr>\n<p style=\"text-align: center;\"><strong>&#8222;E Guete&#8220;<\/strong><\/p>\n<p style=\"text-align: center;\"><a href=\"http:\/\/www.lorrainebad.ch\/wp-content\/uploads\/2025\/05\/Karte_Lorrainebad_Buvette_2025.pdf\">Men\u00fc Lorrainebad Buvette<\/a><\/p>\n<hr>\n<p>Bei Fragen und Anregungen stehen Ihnen die Betreiber der Buvette Lorrainebad jederzeit gerne zur Verf\u00fcgung.<\/p>\n<figure id=\"attachment_1294\" aria-describedby=\"caption-attachment-1294\" style=\"width: 640px\" class=\"wp-caption alignnone\"><img loading=\"lazy\" decoding=\"async\" class=\"wp-image-1294 size-full\" src=\"http:\/\/www.lorrainebad.ch\/wp-content\/uploads\/2017\/05\/Team_LBR.jpg\" alt=\"\" width=\"640\" height=\"480\" srcset=\"http:\/\/www.lorrainebad.ch\/wp-content\/uploads\/2017\/05\/Team_LBR.jpg 640w, http:\/\/www.lorrainebad.ch\/wp-content\/uploads\/2017\/05\/Team_LBR-270x203.jpg 270w, http:\/\/www.lorrainebad.ch\/wp-content\/uploads\/2017\/05\/Team_LBR-550x413.jpg 550w\" sizes=\"auto, (max-width: 640px) 100vw, 640px\" \/><figcaption id=\"caption-attachment-1294\" class=\"wp-caption-text\">(v.l.n.r: Boris Mettraux, Lena Denier, Micha Dietschy)<\/figcaption><\/figure>\n<p><strong>Lorrainebad Buvette<\/strong><br \/>\nUferweg 70<br \/>\n3013 Bern<\/p>\n","protected":false},"excerpt":{"rendered":"<p>Die Lorrainebad Buvette ist t\u00e4glich ge\u00f6ffnet! Das Buvette-Team hat fl\u00fcssige, kalte, warme und gefrorene Produkte im Sortiment. &#8222;E Guete&#8220; Men\u00fc Lorrainebad Buvette Bei Fragen und Anregungen stehen Ihnen die Betreiber der Buvette Lorrainebad jederzeit gerne zur Verf\u00fcgung. Lorrainebad Buvette Uferweg 70 3013 Bern<\/p>\n","protected":false},"author":6,"featured_media":690,"parent":0,"menu_order":25,"comment_status":"closed","ping_status":"closed","template":"","meta":{"ngg_post_thumbnail":0,"footnotes":""},"class_list":["post-596","page","type-page","status-publish","has-post-thumbnail","hentry"],"aioseo_notices":[],"_links":{"self":[{"href":"http:\/\/www.lorrainebad.ch\/index.php?rest_route=\/wp\/v2\/pages\/596","targetHints":{"allow":["GET"]}}],"collection":[{"href":"http:\/\/www.lorrainebad.ch\/index.php?rest_route=\/wp\/v2\/pages"}],"about":[{"href":"http:\/\/www.lorrainebad.ch\/index.php?rest_route=\/wp\/v2\/types\/page"}],"author":[{"embeddable":true,"href":"http:\/\/www.lorrainebad.ch\/index.php?rest_route=\/wp\/v2\/users\/6"}],"replies":[{"embeddable":true,"href":"http:\/\/www.lorrainebad.ch\/index.php?rest_route=%2Fwp%2Fv2%2Fcomments&post=596"}],"version-history":[{"count":4,"href":"http:\/\/www.lorrainebad.ch\/index.php?rest_route=\/wp\/v2\/pages\/596\/revisions"}],"predecessor-version":[{"id":1677,"href":"http:\/\/www.lorrainebad.ch\/index.php?rest_route=\/wp\/v2\/pages\/596\/revisions\/1677"}],"wp:featuredmedia":[{"embeddable":true,"href":"http:\/\/www.lorrainebad.ch\/index.php?rest_route=\/wp\/v2\/media\/690"}],"wp:attachment":[{"href":"http:\/\/www.lorrainebad.ch\/index.php?rest_route=%2Fwp%2Fv2%2Fmedia&parent=596"}],"curies":[{"name":"wp","href":"https:\/\/api.w.org\/{rel}","templated":true}]}}