{"id":19,"date":"2010-04-29T08:01:02","date_gmt":"2010-04-29T06:01:02","guid":{"rendered":"http:\/\/web586.venus.ibone.ch\/lorrainebad_v1\/?page_id=19"},"modified":"2025-05-31T16:06:35","modified_gmt":"2025-05-31T14:06:35","slug":"kontakt","status":"publish","type":"page","link":"https:\/\/www.lorrainebad.ch\/?page_id=19","title":{"rendered":"Kontakt"},"content":{"rendered":"<h2>F\u00fcr Fragen &amp; Anregungen<\/h2>\n<h4>Bitte beachten Sie<\/h4>\n<p>F\u00fcr Anfragen rund um folgende Themen:<\/p>\n<ul>\n<li>Offizielle Anfragen<\/li>\n<li>Vermietung von Saisonkabinen<\/li>\n<li>Anl\u00e4ssen &amp; Werbeaktionen<\/li>\n<li>Verlorene Gegenst\u00e4nde (Tel. Lorrainebad 031 332 29 50)<\/li>\n<\/ul>\n<p><strong>Wenden Sie sich bitte direkt an das <a href=\"https:\/\/www.sportamt-bern.ch\/sportanlage\/freibad-lorraine\/\" target=\"_blank\" rel=\"noopener noreferrer\">Sportamt der Stadt Bern<\/a>.<\/strong><\/p>\n<p>F\u00fcr Anfragen zur Buvette:<\/p>\n<ul>\n<li>Reservationen<\/li>\n<li>Gruppen-Events<\/li>\n<li>Bewerbungen<\/li>\n<\/ul>\n<p><b>Steht das Buvette-Team vor Ort oder \u00fcber <a href=\"kontakt@lokero.ch\">E-Mail<\/a> zur Verf\u00fcgung.<\/b><\/p>\n<p>&nbsp;<\/p>\n","protected":false},"excerpt":{"rendered":"<p>F\u00fcr Fragen &amp; Anregungen Bitte beachten Sie F\u00fcr Anfragen rund um folgende Themen: Offizielle Anfragen Vermietung von Saisonkabinen Anl\u00e4ssen &amp; Werbeaktionen Verlorene Gegenst\u00e4nde (Tel. Lorrainebad 031 332 29 50) Wenden Sie sich bitte direkt an das Sportamt der Stadt Bern. F\u00fcr Anfragen zur Buvette: Reservationen Gruppen-Events Bewerbungen Steht das Buvette-Team vor Ort oder \u00fcber E-Mail &hellip; <\/p>\n<p class=\"link-more\"><a href=\"https:\/\/www.lorrainebad.ch\/?page_id=19\" class=\"more-link\"><span class=\"screen-reader-text\">\u201eKontakt\u201c <\/span>weiterlesen<\/a><\/p>\n","protected":false},"author":6,"featured_media":709,"parent":0,"menu_order":60,"comment_status":"closed","ping_status":"closed","template":"","meta":{"ngg_post_thumbnail":0,"footnotes":""},"class_list":["post-19","page","type-page","status-publish","has-post-thumbnail","hentry"],"aioseo_notices":[],"_links":{"self":[{"href":"https:\/\/www.lorrainebad.ch\/index.php?rest_route=\/wp\/v2\/pages\/19","targetHints":{"allow":["GET"]}}],"collection":[{"href":"https:\/\/www.lorrainebad.ch\/index.php?rest_route=\/wp\/v2\/pages"}],"about":[{"href":"https:\/\/www.lorrainebad.ch\/index.php?rest_route=\/wp\/v2\/types\/page"}],"author":[{"embeddable":true,"href":"https:\/\/www.lorrainebad.ch\/index.php?rest_route=\/wp\/v2\/users\/6"}],"replies":[{"embeddable":true,"href":"https:\/\/www.lorrainebad.ch\/index.php?rest_route=%2Fwp%2Fv2%2Fcomments&post=19"}],"version-history":[{"count":4,"href":"https:\/\/www.lorrainebad.ch\/index.php?rest_route=\/wp\/v2\/pages\/19\/revisions"}],"predecessor-version":[{"id":1673,"href":"https:\/\/www.lorrainebad.ch\/index.php?rest_route=\/wp\/v2\/pages\/19\/revisions\/1673"}],"wp:featuredmedia":[{"embeddable":true,"href":"https:\/\/www.lorrainebad.ch\/index.php?rest_route=\/wp\/v2\/media\/709"}],"wp:attachment":[{"href":"https:\/\/www.lorrainebad.ch\/index.php?rest_route=%2Fwp%2Fv2%2Fmedia&parent=19"}],"curies":[{"name":"wp","href":"https:\/\/api.w.org\/{rel}","templated":true}]}}